3279 is divided by 191.
32
Calculate the remainder when 260314 is divided by 6.
4
Calculate the remainder when 1560 is divided by 25.
10
What is the remainder when 153 is divided by 21?
6
Calculate the remainder when 680931 is divided by 28.
27
Calculate the remainder when 12563 is divided by 12521.
42
What is the remainder when 2763 is divided by 572?
475
Calculate the remainder when 21083 is divided by 5269.
7
Calculate the remainder when 67811 is divided by 33899.
13
Calculate the remainder when 65790 is divided by 20.
10
What is the remainder when 40593 is divided by 1309?
14
What is the remainder when 21354 is divided by 4270?
4
What is the remainder when 3871255 is divided by 1206?
1201
Calculate the remainder when 19349 is divided by 1757.
22
What is the remainder when 197472 is divided by 117?
93
Calculate the remainder when 223 is divided by 110.
3
Calculate the remainder when 6516 is divided by 2122.
150
What is the remainder when 32641 is divided by 384?
1
What is the remainder when 9679 is divided by 6?
1
Calculate the remainder when 31834 is divided by 277.
256
Calculate the remainder when 128979 is divided by 20.
19
What is the remainder when 1488 is divided by 401?
285
What is the remainder when 185803 is divided by 336?
331
Calculate the remainder when 18738 is divided by 66.
60
Calculate the remainder when 8311 is divided by 77.
72
What is the remainder when 17557 is divided by 62?
11
What is the remainder when 11411 is divided by 3799?
14
Calculate the remainder when 5538 is divided by 2702.
134
What is the remainder when 369464 is divided by 54?
50
What is the remainder when 6142 is divided by 1990?
172
Calculate the remainder when 6101 is divided by 21.
11
What is the remainder when 5158 is divided by 14?
6
Calculate the remainder when 12043 is divided by 33.
31
Calculate the remainder when 152109 is divided by 162.
153
Calculate the remainder when 3145114 is divided by 629021.
9
What is the remainder when 313 is divided by 262?
51
Calculate the remainder when 34559 is divided by 11500.
59
Calculate the remainder when 10802 is divided by 415.
12
Calculate the remainder when 839 is divided by 11.
3
Calculate the remainder when 154940 is divided by 480.
380
Calculate the remainder when 589118 is divided by 35.
33
Calculate the remainder when 3525 is divided by 98.
95
Calculate the remainder when 23375 is divided by 1062.
11
What is the remainder when 1637 is divided by 417?
386
Calculate the remainder when 20106 is divided by 46.
4
Calculate the remainder when 1374721 is divided by 478.
471
Calculate the remainder when 49133 is divided by 45.
38
What is the remainder when 9244 is divided by 4543?
158
What is the remainder when 1452 is divided by 27?
21
What is the remainder when 171457 is divided by 5530?
27
Calculate the remainder when 1209 is divided by 697.
512
What is the remainder when 741711 is divided by 614?
613
Calculate the remainder when 75090 is divided by 432.
354
Calculate the remainder when 1392993 is divided by 519.
516
What is the remainder when 288994 is divided by 507?
4
Calculate the remainder when 3303695 is divided by 239.
237
What is the remainder when 127457 is divided by 23?
14
What is the remainder when 129590 is divided by 334?
332
Calculate the remainder when 18 is divided by 2.
0
Calculate the remainder when 961480 is divided by 37.
35
What is the remainder when 6485 is divided by 183?
80
Calculate the remainder when 236935 is divided by 236.
227
Calculate the remainder when 46691 is divided by 217.
36
What is the remainder when 840 is divided by 7?
0
Calculate the remainder when 2691 is divided by 106.
41
What is the remainder when 556 is divided by 497?
59
What is the remainder when 5970 is divided by 497?
6
Calculate the remainder when 122149 is divided by 277.
269
Calculate the remainder when 615272 is divided by 13.
8
What is the remainder when 370 is divided by 297?
73
What is the remainder when 19552 is divided by 4858?
120
What is the remainder when 5382 is divided by 46?
0
Calculate the remainder when 1282 is divided by 7.
1
Calculate the remainder when 3880139 is divided by 6.
5
What is the remainder when 9089 is divided by 2209?
253
What is the remainder when 16442 is divided by 859?
121
What is the remainder when 1442040 is divided by 83?
81
What is the remainder when 10792 is divided by 676?
652
What is the remainder when 15849 is divided by 878?
45
What is the remainder when 374669 is divided by 15?
14
Calculate the remainder when 864 is divided by 147.
129
Calculate the remainder when 7640 is divided by 564.
308
What is the remainder when 12347 is divided by 49?
48
What is the remainder when 57089 is divided by 26?
19
What is the remainder when 119767 is divided by 29?
26
What is the remainder when 129786 is divided by 627?
624
Calculate the remainder when 2423 is divided by 484.
3
Calculate the remainder when 1740872 is divided by 607.
603
Calculate the remainder when 12701 is divided by 438.
437
What is the remainder when 255309 is divided by 37?
9
What is the remainder when 13862 is divided by 618?
266
What is the remainder when 49383 is divided by 84?
75
Calculate the remainder when 118578 is divided by 349.
267
What is the remainder when 1442 is divided by 226?
86
What is the remainder when 15573 is divided by 15572?
1
What is the remainder when 1415 is divided by 165?
95
What is the remainder when 78170 is divided by 517?
103
Calculate the remainder when 50630 is divided by 5625.
5
What is the remainder when 3152 is divided by 11?
6
Calculate the remainder when 11506 is divided by 1049.
1016
What is the remainder when 541 is divided by 89?
7
Calculate the remainder when 135107 is divided by 590.
587
What is the remainder when 1227427 is divided by 12?
7
Calculate the remainder when 281529 is divided by 470.
469
Calculate the remainder when 503989 is divided by 720.
709
What is the remainder when 949 is divided by 122?
95
Calculate the remainder when 308537 is divided by 51422.
5
Calculate the remainder when 1641 is divided by 83.
64
What is the remainder when 27827 is divided by 237?
98
Calculate the remainder when 1840 is divided by 610.
10
Calculate the remainder when 18602 is divided by 3720.
2
Calculate the remainder when 6435 is divided by 710.
45
What is the remainder when 80605 is divided by 59?
11
Calculate the remainder when 12958 is divided by 90.
88
What is the remainder when 871 is divided by 20?
11
Calculate the remainder when 100527 is divided by 284.
275
What is the remainder when 95212 is divided by 44?
40
Calculate the remainder when 13781 is divided by 88.
53
What is the remainder when 154978 is divided by 38737?
30
What is the remainder when 239619 is divided by 529?
511
What is the remainder when 6398 is divided by 129?
77
What is the remainder when 22532 is divided by 1874?
44
What is the remainder when 988 is divided by 171?
133
What is the remainder when 6188 is divided by 55?
28
What is the remainder when 18461 is divided by 3690?
11
What is the remainder when 88801 is divided by 214?
205
What is the remainder when 87695 is divided by 1217?
71
What is the remainder when 52548 is divided by 25?
23
What is the remainder when 234020 is divided by 14?
10
Calculate the remainder when 44292 is divided by 452.
448
Calculate the remainder when 5798 is divided by 5573.
225
Calculate the remainder when 1854 is divided by 39.
21
Calculate the remainder when 1483956 is divided by 14.
12
Calculate the remainder when 43802 is divided by 10950.
2
Calculate the remainder when 218 is divided by 73.
72
Calculate the remainder when 92620 is divided by 2571.
64
Calculate the remainder when 1239 is divided by 17.
15
What is the remainder when 7211 is divided by 725?
686
Calculate the remainder when 1796 is divided by 550.
146
What is the remainder when 17904 is divided by 25?
4
What is the remainder when 127259 is divided by 30?
29
Calculate the remainder when 10265 is divided by 54.
5
What is the remainder when 9532 is divided by 1670?
1182
Calculate the remainder when 4475 is divided by 49.
16
What is the remainder when 10719 is divided by 103?
7
Calculate the remainder when 88385 is divided by 127.
120
Calculate the remainder when 35802 is divided by 35735.
67
Calcu